3/3 + 7*s**2/2 + 166*s. Calculate x(6).
-17
Let y(w) be the second derivative of w**4/12 + 7*w**2/2 + 22*w. Let o be 0 + 1 + -1 + 6. Suppose -5*d = -o*d. Determine y(d).
7
Let u(j) be the second derivative of -j**3/3 + 3*j**2 + 358*j. Suppose n - 32 = -5*d, -3 - 13 = -3*d + n. Give u(d).
-6
Let d = 124 + -113. Let h(k) = k**3 - 11*k**2 - k + 1. Determine h(d).
-10
Let a(u) = -u**2 + 9*u - 9. Suppose -50*p = -48*p - 14. Determine a(p).
5
Let t(v) be the first derivative of v**3/3 - v**2 - 2*v + 13. Suppose 0 = 3*h + 2*h + 15. Determine t(h).
13
Let g be (-75)/(-9) + ((-20)/(-12))/(-5). Suppose 36 = -5*x - 4*w, 5*x + g = 8*w - 5*w. Let d(l) = -l**2 - 2*l + 4. Calculate d(x).
-4
Let s(z) = -2*z**3 + 2*z**2 - 3*z + 3. Suppose -2*o - 12 = -0*o + k, -3*o - 4*k - 28 = 0. Let i = o + -10. Let p be i/(-6) + (-1)/3. What is s(p)?
-11
Let a = 73 + -83. Let z be (-10 + 0)/(a/(-5) - 1). Let d(g) = g**2 + 9*g - 13. Determine d(z).
-3
Let g(n) = n - 6. Suppose 15 = 5*k, 5*r - 206 = -k - 48. Suppose 21 = -5*y - 5*i + 76, 5*i - r = -y. Determine g(y).
0
Let f(b) be the second derivative of 11*b - 1/6*b**3 + 3/2*b**2 + 0. What is f(4)?
-1
Suppose 0 = 4*a - 9*a + 65. Suppose -3 = 4*t + a, 0 = 3*o + t - 5. Let f(w) = 4*w - 6. Let u(y) = 3*y - 5. Let m(l) = -2*f(l) + 3*u(l). What is m(o)?
0
Let j(f) = -1 + 1 + 4*f. Suppose 2*o - 5*q - 32 = 0, -27 - 23 = -5*o + 5*q. Suppose 2*p - o = 5*p. What is j(p)?
-8
Let x(v) = 59 - 11*v**2 - 50 - 9. Give x(1).
-11
Let s(j) = -2*j - 1. Let n(m) = -8*m**2 - 6 + 23*m**3 - 22*m**3 + 2*m**2 + 6*m. Let o be n(5). Give s(o).
1
Let z(b) = -b + 2. Suppose 5 - 4 = n. Let d be ((-17)/n)/(-3 - -2). Suppose -5*h - 11 = p - 39, -4*p - h = -d. Determine z(p).
-1
Let x(m) = -3*m + 4. Let w(v) = -5*v + 10. Let j(p) = -2*w(p) + 3*x(p). What is j(11)?
3
Let f(w) = -w**3 + 10*w**2 + 2*w - 13. Let a be f(10). Suppose -3*d = -a + 1. Let l be -6 - (-2 + -1 + d). Let q(x) = x**2 + 7*x + 1. Calculate q(l).
-9
Let w(j) be the third derivative of 11*j**5/60 - j**3/6 - 262*j**2 - j. Give w(1).
10
Suppose -8*t - 21 = 3. Let u(x) = -2*x**3 - 3*x**2 + 4*x + 4. What is u(t)?
19
Let g(z) = -2*z**2 + 21*z + 8. Let t be g(9). Suppose i - t = -4*i. Let y(k) = -i*k + 3*k**2 + 4*k + 1 - 4*k**2. Give y(-3).
1
Let q(z) = 4*z - 53. Let h be q(14). Suppose -3*o + h*n - 5 = 4*n, 5*n + 25 = 5*o. Let i(f) = -1. Let r(v) = v + 7. Let p(u) = -3*i(u) + r(u). Give p(o).
10
Let f(v) = -v**3 + 7*v**2 + 8*v + 17. Let r be f(8). Suppose -18*b = -r*b - 2. Let z(i) = i**2 - 2*i - 1. Give z(b).
-1
Let m(a) = -13*a - 8. Let y(g) = -25*g - 15. Suppose -16 = -4*t + 4*p, -t + 2*p + 3 = 1. Let i(l) = t*y(l) - 11*m(l). Calculate i(-2).
12
Suppose 14*j - 128 = 40. Let m(y) = -y + 13. Calculate m(j).
1
Let u(y) = 2*y**2 + y + 1. Let w(v) = 7*v**2 - 9*v. Let f(k) = -2*u(k) + w(k). Give f(4).
2
Let p(t) be the third derivative of t**4/4 + 37*t**3/6 - 22*t**2 + t. Determine p(-5).
7
Let q(i) = 18*i**2 + 25 - 26 - i**2. Let j(v) = -3*v**2 - 45*v - 1. Let t be j(-15). What is q(t)?
16
Let u(l) be the third derivative of l**6/120 + 3*l**5/10 - l**4/24 - 10*l**3/3 + 3*l**2 + 8*l. Determine u(-18).
-2
Let o(c) = -2045*c**2 + 4094*c**2 - 2050*c**2. Give o(4).
-16
Let h(u) be the first derivative of -u**4/4 - 3*u**3 + 4*u**2 - 11*u - 261. Calculate h(-10).
9
Let r(o) = 3 - 3*o**2 - 2*o**2 + 4*o**2 + 4*o. Suppose 5*m - 14 = -3*v + 8, m = 4*v - 14. What is r(v)?
3
Let p = -54 - -59. Suppose 3*i - 2*u + 17 = 3*u, -13 = -p*i - 2*u. Let j(n) = -4*n + 1. What is j(i)?
-3
Let q(s) = -9*s + 4. Suppose -j + 2*v = -0*v - 9, j + 5*v = 2. Let c(l) = -10*l + 5. Let g(k) = j*q(k) - 6*c(k). Give g(-5).
13
Suppose -2*v + 0*v = -q + 20, 5*v + 3*q + 28 = 0. Let y = v - -8. Let d(i) = 17 + 0 + 2*i - 3*i + 0. What is d(y)?
17
Let m(q) be the first derivative of -q**4/4 - q**3/3 - q**2/2 + 5*q - 8. Suppose 16 = 2*u + 2*y, 0 + 4 = 4*u - 3*y. Suppose -5*d + u*d = 0. What is m(d)?
5
Let g(c) = -5 + 4*c - c + 3*c - c**2. Suppose -11 = 5*l - 36. Suppose -3*o - 16 = -l*v, -3 + 9 = 2*o. Determine g(v).
0
Let t(z) = z**3 - 13*z**2 - 2*z + 31. Let a be t(13). Let w(j) = -j**2 + 5*j - 7. Calculate w(a).
-7
Let u(s) = -s**2 + 11*s - 11. Suppose -14*x = -9*x - 11840. Let t be x/240 - (-4)/30. What is u(t)?
-1
Let j(l) = 3*l**2. Let x be (214/6 + (-1)/3)*3. Suppose -d = x - 107. What is j(d)?
3
Let d(u) = -u**2 + 4*u - 1. Let r(n) = n**3 - 24*n**2 + 127*n + 23. Let w be r(16). Let p = 2 + 0. Suppose p*o = w*o - 15. Give d(o).
2
Let k = 119 + -97. Suppose -k*o - 70 = -8*o. Let s(x) = -x - 8. Let d(q) = -q - 9. Let a(h) = -2*d(h) + 3*s(h). What is a(o)?
-1
Let t(d) be the third derivative of 0 + 2/3*d**3 - 1/120*d**6 + 0*d - 26*d**2 - 1/10*d**5 - 1/12*d**4. What is t(-3)?
-17
Let s = 64 + -45. Let n(h) = 1 - h**2 + s*h**3 + 2*h - 1 + 3*h - 2. Let v(z) = 10*z**3 - z**2 + 3*z - 1. Let t(p) = -3*n(p) + 5*v(p). Determine t(1).
-8
Let f(g) = -g**2 - 3. Suppose 0 = 3*y - 6. Suppose y = -t, -4*h = t - 0 + 2. Let o = 0 + h. What is f(o)?
-3
Let k be (-2)/(-3)*(-660)/(-88). Let z(l) be the third derivative of 0*l + 1/24*l**4 + 8*l**2 + 0 + 0*l**3 + 1/60*l**k. What is z(-1)?
0
Let b(x) = x**2 + 7*x + 5. Suppose 0 = 6*i - i + 90. Let j = i + 14. Let c be (-1)/(j/(-8)) - 2. Calculate b(c).
-7
Let w(q) be the second derivative of q**5/20 + q**4/3 - 3*q**3/2 - 9*q**2/2 - 4*q - 1. Calculate w(-5).
11
Let b(q) be the second derivative of 1/6*q**3 - q + 0 - q**2. Let m(g) = g**2 - 2*g - 17. Let i be m(5). Give b(i).
-4
Let a(m) = -20 + 7 - 6*m**2 + 84*m - 71*m. Let g(y) = 7*y**2 - 14*y + 14. Let i(t) = -6*a(t) - 5*g(t). Let z(f) = -f**2 - 7*f - 4. Let c be z(-5). What is i(c)?
-4
Let o(u) be the third derivative of u**6/120 + u**5/20 + u**4/12 + 4*u**3/3 - 620*u**2. What is o(-4)?
-16
Let j = 359 - 354. Let s(k) = -k**2 + 5*k - 4. What is s(j)?
-4
Let n(d) = 2*d - 2*d**2 + 6*d**2 + 7*d**2 - 3*d**2 + 2. Determine n(-1).
8
Suppose 2*g + 4*g - 108 = 0. Let f = -11 + g. Let y(t) = -t + 3. Determine y(f).
-4
Let h be 27*(-3)/((-6)/(-4)). Let a be 5*(h/15)/3. Let q(s) be the second derivative of s**4/12 + 2*s**3/3 - 5*s**2/2 + 84*s. Give q(a).
7
Suppose -4*j + 2*m - 7 = -17, 0 = 4*j + 4*m - 28. Let u(z) = 3*z**2 + 4*z - 5. Let n(x) = 14*x**2 + 15*x - 21. Let b(p) = 2*n(p) - 9*u(p). Calculate b(j).
-5
Let n(u) be the second derivative of -u**3/3 + 9*u**2 + 85*u - 1. What is n(4)?
10
Let i(g) = g**3 + 6*g**2 + 4*g. Let w be (2 - -2)/((-1)/3). Let z = w + 7. What is i(z)?
5
Let n(r) = -r**3 - 5*r**2 + 7*r + 9. Let q be n(-6). Suppose d = -0*d + q*u + 17, -d + 25 = -5*u. Let l(x) = x. Give l(d).
5
Let b(w) = w**2 + 5*w + 4. Let u(z) = -17*z. Let r be u(1). Let s = r - -28. Suppose -5*k = -2*o + 26, 0 = 2*k - 7*k - 3*o - s. What is b(k)?
0
Let g(y) = -1. Let b(k) = -k + 3. Let u(d) = b(d) + 3*g(d). Let i(a) = 2*a**2 - 4*a - 6. Let z be i(4). Let j(f) = -4*f + 35. Let h be j(z). Determine u(h).
5
Let b(k) = k**3 - 22*k**2 - 22*k - 30. Let i be b(23). Let h(t) = -t**3 - 8*t**2 - 8*t - 2. What is h(i)?
5
Let c(f) = -f**2 + 12*f - 40. Let k be c(5). Let l(y) = y**2 - 6. Calculate l(k).
19
Let l(n) be the first derivative of -n**3/3 - 3*n**2/2 + 7*n + 737. Let r = -15 + 9. Give l(r).
-11
Let q(p) be the first derivative of -p**3/3 - 5*p**2/2 + 2*p - 185. Calculate q(-6).
-4
Suppose 60 = 37*d - 199. Let s(g) = g**3 - 8*g**2 + 5*g + 14. Calculate s(d).
0
Let a(s) = 12 - 14*s - 14*s + 5*s**3 + 23*s - 7*s**2 - 6*s**3. What is a(-6)?
6
Let u(f) be the first derivative of f**2/2 + f - 29. Determine u(-5).
-4
Suppose 2*n - 6*n + 44 = 0. Let u(h) = 8*h - n*h - 3 + 2. Suppose 28*q - 9 = 37*q. Determine u(q).
2
Let s(j) = 6*j**3 - 165*j**2 + 327*j**2 + 8 + 2 - 7*j**3 - j - 164*j**2. Determine s(0).
10
Let f be (1 + -1)/(-1 + 8). Let p(n) = -n**2 + n - 10. Calculate p(f).
-10
Let t = 21 - 21. Let s(b) = b**3 - b**2 - 8. Let v be s(t). Let p(o) = -o**2 - 8*o + 9. Calculate p(v).
9
Let g(x) = x**3 - 3*x + 3. Suppose 5*h - 7 - 8 = 0, 0 = -3*n + 3*h - 3. What is g(n)?
5
Let b(q) = -2*q**2 - 6*q + 7. Suppose 3*h - 2 - 10 = 0. Suppose -d = -3*s - 25, -4*s + 7*d = h*d + 30. Let k = s + 4. What is b(k)?
-13
Let d(w) be the third derivative of -w**7/840 + w**6/360 + w**5/120 + 7*w**4/12 - w**3/6 - 25*w**2. Let o(y) be the first derivative of d(y). Determine o(0).
14
Let n(o) = 3*o